{"id":53,"date":"2017-03-10T01:01:47","date_gmt":"2017-03-10T01:01:47","guid":{"rendered":"http:\/\/mcc-knittkuhl.de\/?page_id=53"},"modified":"2017-03-10T02:37:46","modified_gmt":"2017-03-10T02:37:46","slug":"aenderungen","status":"publish","type":"page","link":"https:\/\/mcc-knittkuhl.de\/?page_id=53","title":{"rendered":"\u00c4nderungen"},"content":{"rendered":"<h2 style=\"padding-left: 60px;\"><span style=\"font-family: Arial;\">5. \u00c4nderungen und Erg\u00e4nzungen<br \/>\n<\/span><\/h2>\n<p style=\"padding-left: 60px;\"><span style=\"font-family: Arial;\"><b>\u00c4nderungen beziehungsweise Erg\u00e4nzungen dieser Satzung sind nur durch einstimmigen Beschlu\u00df der in Ziffer 3 Abs. 2 genannten Personen zul\u00e4ssig und jederzeit m\u00f6glich.<br \/>\n<\/b><br \/>\n<\/span><\/p>\n","protected":false},"excerpt":{"rendered":"<p>5. \u00c4nderungen und Erg\u00e4nzungen \u00c4nderungen beziehungsweise Erg\u00e4nzungen dieser Satzung sind nur durch einstimmigen Beschlu\u00df der in Ziffer 3 Abs. 2 genannten Personen zul\u00e4ssig und jederzeit m\u00f6glich.<\/p>\n","protected":false},"author":1,"featured_media":0,"parent":0,"menu_order":0,"comment_status":"closed","ping_status":"closed","template":"","meta":{"footnotes":""},"class_list":["post-53","page","type-page","status-publish","hentry"],"_links":{"self":[{"href":"https:\/\/mcc-knittkuhl.de\/index.php?rest_route=\/wp\/v2\/pages\/53","targetHints":{"allow":["GET"]}}],"collection":[{"href":"https:\/\/mcc-knittkuhl.de\/index.php?rest_route=\/wp\/v2\/pages"}],"about":[{"href":"https:\/\/mcc-knittkuhl.de\/index.php?rest_route=\/wp\/v2\/types\/page"}],"author":[{"embeddable":true,"href":"https:\/\/mcc-knittkuhl.de\/index.php?rest_route=\/wp\/v2\/users\/1"}],"replies":[{"embeddable":true,"href":"https:\/\/mcc-knittkuhl.de\/index.php?rest_route=%2Fwp%2Fv2%2Fcomments&post=53"}],"version-history":[{"count":2,"href":"https:\/\/mcc-knittkuhl.de\/index.php?rest_route=\/wp\/v2\/pages\/53\/revisions"}],"predecessor-version":[{"id":98,"href":"https:\/\/mcc-knittkuhl.de\/index.php?rest_route=\/wp\/v2\/pages\/53\/revisions\/98"}],"wp:attachment":[{"href":"https:\/\/mcc-knittkuhl.de\/index.php?rest_route=%2Fwp%2Fv2%2Fmedia&parent=53"}],"curies":[{"name":"wp","href":"https:\/\/api.w.org\/{rel}","templated":true}]}}